r when (-16)/6*(-171)/12 is divided by n?
12
Suppose -4*r = -r - 3*j - 72, -j + 120 = 5*r. What is the remainder when r is divided by 13?
11
Let a(c) = -c**3 + 5*c**2 + c - 1. Let p be a(5). Let x be (-2)/p - 3/(-6). Calculate the remainder when (x - 1) + 0 + 54 is divided by 18.
17
Let v = -88 - -109. What is the remainder when v is divided by 15?
6
Let q(u) = u**2 - u + 7. Let h = -22 - -74. Suppose 2*t = 6*t - h. What is the remainder when t is divided by q(0)?
6
Let y be 3 - (3 + -2 + -2). Suppose -4*n + y*j - 3*j = -72, 0 = -4*n - j + 80. Calculate the remainder when 55 is divided by n.
17
Let f be 3/(0 + 6/68). Suppose -3*x - x - 84 = 0. Let h = f + x. Calculate the remainder when 37 is divided by h.
11
Suppose -m - 3*r + 29 = 0, 2*m - 4*r = -2*m + 36. Calculate the remainder when m is divided by 4.
2
Let f = -9 + 22. What is the remainder when f is divided by 4?
1
What is the remainder when (117/(-18))/(1/(-4)) is divided by 7?
5
Let z = 18 - 9. What is the remainder when z is divided by 3?
0
Let l = 14 - 8. Suppose 0 = -3*k + 5*k - 2*j + 16, 0 = 3*k + j + 20. Let i = 18 + k. What is the remainder when i is divided by l?
5
Suppose k - 2*n + 16 = 2*k, -4*k - 3*n = -39. Let c = k - 2. Suppose -x = -2*r - 31, c*x + 4*r = -0*x + 124. Calculate the remainder when x is divided by 11.
9
What is the remainder when 3*(1 - (-1)/1) is divided by 2?
0
Suppose 2*q = 5*q - 222. Let u = q - 47. Calculate the remainder when u is divided by 14.
13
Let f(s) = -5*s - 5*s**2 + 1 - 2 - 2*s**3 + s + 3*s**3. Calculate the remainder when 32 is divided by f(6).
10
Suppose -3*d - 5*f + 57 = 0, 3*d + 36 = -3*f + 99. Let i = -67 - -137. Calculate the remainder when i is divided by d.
22
Let m be 52/(-7) + (-20)/35. Let y(k) = -2*k - 12. Calculate the remainder when 13 is divided by y(m).
1
Let i = 212 - 182. What is the remainder when i is divided by 11?
8
Let u(b) = 13*b - 2. Calculate the remainder when u(1) is divided by (3/(-9))/((-1)/12).
3
Suppose -5*x + i = -322, -x + 0*i + 80 = 5*i. Calculate the remainder when x is divided by 23.
19
Let q be ((-8)/(-12))/((-4)/(-30)). What is the remainder when (-1)/q + (-422)/(-10) is divided by ((-66)/(-9))/((-2)/(-6))?
20
Suppose 4*b - 37 + 249 = 4*f, -3*f = 3*b - 189. Calculate the remainder when 114 is divided by f.
56
Let s = -14 - -40. Suppose -5*h - 1 = -s. Suppose 4*g - 3 = -4*d + h*d, 2*g - d + 1 = 0. Calculate the remainder when g is divided by 2.
0
Let c = 14 - 7. Let s(k) = 2*k**2 + 1 - 11*k**3 - c*k**3 + 2*k + 0*k. What is the remainder when 36 is divided by s(-1)?
17
Suppose 5*p - 5 = 10. Suppose -2*n = -3 - p. Calculate the remainder when 5 is divided by n.
2
Let w = -4 - -9. Let n be (30/(-9))/((-8)/(-12)). Let t = -2 - n. What is the remainder when w is divided by t?
2
Let u(j) = 2*j - 5. Suppose 5 + 11 = -g - 4*w, 5*w + 13 = -3*g. Suppose -g*c + 15 = -61. What is the remainder when c is divided by u(6)?
5
Suppose 4*y = t + 106 + 114, 4*y + 5*t = 220. Calculate the remainder when y is divided by 14.
13
Let x(r) = 22*r**3 - r**2 + r - 1. Calculate the remainder when 39 is divided by x(1).
18
Suppose 5*q - 75 = g - 6*g, -48 = -4*g + 2*q. What is the remainder when g is divided by (-15)/(-15) + 4 + -1?
1
Suppose 2*m - 38 = -3*l, 5*m + 4*l = -l + 85. Calculate the remainder when m is divided by 6.
1
Let z = 4 - 1. Suppose h + z*h + 28 = 0. Let f = 19 + h. What is the remainder when 34 is divided by f?
10
Let k(f) be the third derivative of 0 - 1/12*f**4 + 0*f + 1/6*f**3 + f**2 + 1/30*f**5. Calculate the remainder when 1 is divided by k(1).
0
Suppose g + 0*g = -3*v + 10, 18 = 5*v + 2*g. Suppose 0*f = 2*l + 2*f - 96, 99 = v*l + 5*f. Calculate the remainder when l is divided by 16.
15
What is the remainder when 1 - -1 - 3 - (-48 + -22) is divided by 8?
5
Let l = 43 + -13. Calculate the remainder when 118 is divided by l.
28
Let m(p) = -2*p - 8. Calculate the remainder when 54 is divided by m(-10).
6
Suppose 2*k + 3 = 37. Let s(z) = -5*z**2 - 3*z - 1. Let g be s(3). Let m = g - -104. What is the remainder when m is divided by k?
15
Suppose 3 + 13 = r. Suppose 5*k - 12 - 8 = 0. Suppose 4*j = -r, k*p + j = 3*p + 34. Calculate the remainder when p is divided by 13.
12
Suppose -144 = -p - 2*r + 29, -3*p - 5*r = -521. Calculate the remainder when p is divided by 15.
12
Let c = 47 + -29. Calculate the remainder when 33 is divided by c.
15
Suppose 6 + 8 = 2*p. Suppose h - 13 = p. Calculate the remainder when 58 is divided by h.
18
What is the remainder when 12 is divided by 3/(-2) + (-17)/(-2)?
5
Suppose 16 = j + 58. Let s = -28 - j. What is the remainder when s is divided by 8?
6
Let g = -5 + 13. Let y(r) = -r**3 + 9*r**2 + 11*r - 5. Let p be y(10). Let l = p + g. Calculate the remainder when 38 is divided by l.
12
Let h = 16 + -2. Let r(c) = c + 31. Calculate the remainder when r(8) is divided by h.
11
Suppose -7*n = -4*q - 2*n + 169, 199 = 4*q + 5*n. Calculate the remainder when q is divided by 16.
14
Let j = 153 - 151. What is the remainder when 7 is divided by j?
1
Let h(g) = 3*g**2 - 2*g + 1. Let p be h(1). Let a = p + 1. Suppose -5*b + 92 = 4*w, -a*b = 5*w - 70 + 7. Calculate the remainder when 30 is divided by b.
14
Let x = 56 - 38. Calculate the remainder when 51 is divided by x.
15
Let h(w) = -w**3 + 2*w**2 + 13. Let b(s) = -10*s**3 + 2*s**2 + 2*s + 1. What is the remainder when b(-1) is divided by h(3)?
3
Suppose 60 = 5*n + 5*h, 3*n + 5*h = 6*n - 60. Let q = n + -26. Let a(u) = -4*u + 7. What is the remainder when a(q) is divided by 13?
12
Let y(k) = -k**3 + 9*k**2 - 10*k + 6. What is the remainder when y(6) is divided by 14?
12
Suppose i = 2*i. Suppose 114 = 3*x - 3*m, 0 = -2*x - i*m + m + 81. Suppose 5*c - 34 = 41. What is the remainder when x is divided by c?
13
Suppose -2*h - 3*a - 1209 = 2*a, -h - 609 = -2*a. Let q = h + -217. Calculate the remainder when q/(-18) - 2/(-9) is divided by 16.
14
Suppose 0 = 5*d - 3*r + 4*r - 91, 5*r = -20. Calculate the remainder when d is divided by 11.
8
Suppose -379 = -3*r - 5*o, 2*r - 231 = 2*o + 43. Suppose r = 6*c - 29. What is the remainder when 52 is divided by c?
25
Let v be (8/3)/4*3. Let f = v + 32. Calculate the remainder when f is divided by 12.
10
Suppose 3*y + y + l - 62 = 0, 38 = 3*y + 5*l. Suppose 2*q - 8 = 10. Calculate the remainder when y is divided by q.
7
Let n be -2 + (-2)/(2 + 0). Let s(m) be the third derivative of -m**4/12 - 2*m**3/3 - m**2. What is the remainder when 4 is divided by s(n)?
0
Suppose -4*v + 11 + 1 = 0. Calculate the remainder when 10 is divided by v.
1
Let y be (-272)/(-6) + 2/3. Suppose j + 6 - 4 = -5*b, 4*j + 2*b = y. Calculate the remainder when j is divided by (-2058)/(-420) + (-1)/(-10).
3
Suppose 0*w - 54 = -3*w. Let g be w/5 + 6/15. Suppose -j - j + g = 0. Calculate the remainder when 4 is divided by j.
0
Suppose -5*y + 4 + 207 = -2*g, 0 = -3*y + 2*g + 125. Let k = y - -15. Calculate the remainder when k is divided by 20.
18
Let i be ((-2)/6)/(4/12). Let a = i + 21. Suppose o - a = -y, 5*y - 4*o - 79 = -2*o. Calculate the remainder when y is divided by 5.
2
Let p = -157 + 170. What is the remainder when 47 is divided by p?
8
Let i be (-13 + 1)/(3/(-2)). Let b = i - -4. Calculate the remainder when 35 is divided by (b/14)/(3/42).
11
Suppose 0*l - 4*z - 132 = 4*l, -4*l - 3*z = 134. What is the remainder when 78 is divided by 284/14 - (-10)/l?
18
Calculate the remainder when 2 - (4 + -12*2) is divided by 8.
6
Calculate the remainder when 3*7/(21/6) is divided by 4.
2
Suppose 7*f = 12*f - 505. Calculate the remainder when f is divided by 21.
17
Suppose -4*i + 93 = u, -i - 2*u = -0*u - 18. Calculate the remainder when 70 is divided by i.
22
Let t(b) be the first derivative of b**4/4 + 2*b**3/3 - 2*b**2 + b + 1. What is the remainder when 10 is divided by t(-3)?
2
Suppose 3*p = -5*k + 115, -2*k + 2 + 2 = 0. Calculate the remainder when p is divided by 9.
8
Let w = -33 - -50. Suppose 200 = 4*q - 3*q + n, -5*q - 4*n = -1002. Calculate the remainder when q/4 + (-1)/2 is divided by w.
16
Suppose 3*w = 4*u + 24, 2*w = 7*w - u - 23. What is the remainder when 23 is divided by w?
3
Let u = 8 - 54. Let q = -24 - u. Calculate the remainder when q is divided by 12.
10
Let f(r) = -28*r**3 + r**2 + r + 1. Let g(s) = -s**2 + 5*s + 8. Calc